st the prime factors of b.
2, 31
Let s(u) = 16*u**2 - 2 - 3 - 1 - 11*u + 8*u. List the prime factors of s(4).
2, 7, 17
Let z = 1241 + -662. List the prime factors of z.
3, 193
Let c be 4/16*0 + 5. Let r be ((-18)/15)/((-1)/c). Suppose 4*d = r*d - 36. What are the prime factors of d?
2, 3
Let u = 2342 - 2293. What are the prime factors of u?
7
Let s(n) = 2*n**3 - 6*n**2 - 10*n + 19. List the prime factors of s(8).
3, 193
List the prime factors of (-200 + 202)/(2/(0 - -444)).
2, 3, 37
Let p(a) be the third derivative of a**5/60 - a**4/4 - 41*a**3/6 + 13*a**2. List the prime factors of p(17).
2, 73
Suppose 166 + 39 = 2*o + 5*l, 280 = 3*o + 2*l. What are the prime factors of o?
2, 3, 5
Suppose -3*r - j + 2065 = 0, -4*r - 5*j + 3435 = r. What are the prime factors of r?
13, 53
Let l(u) = -10*u**2 - 3*u - 2. Let j be l(-1). Let o(x) = -15*x + 18. What are the prime factors of o(j)?
3, 17
Let b be (-7 + 9)*(-30)/(-4). Suppose 3*n = -2*v - 3*v - 2, -14 = n - 5*v. What are the prime factors of 235/b + n/6?
3, 5
Let k(r) = -5*r - 1. Let g be 1/(-1) - (-2 - 0). Let u = -6 + g. What are the prime factors of k(u)?
2, 3
Suppose -9*k - 4220 + 28376 = 0. What are the prime factors of k?
2, 11, 61
List the prime factors of ((-4)/12 + 1790/(-12))*-24.
2, 3, 13, 23
Let u(h) = 3*h - 18. Let k(s) = -s**2 - 10*s + 2. Let m be k(-10). Suppose 4*i - m*l = 42, 0*i + 4*l = 5*i - 48. What are the prime factors of u(i)?
2, 3
Let w be 12/(-18) - 35/(-3). Let d = w - 11. Suppose d = 2*a - 0*a - 60. What are the prime factors of a?
2, 3, 5
Let u(l) = 20*l**2 + l - 1. Let h be u(-2). Suppose -h = -2*j + 23. List the prime factors of j.
2, 5
What are the prime factors of (0 - 2)*(-756 + -1)?
2, 757
Suppose -827 = -7*d + 1420. What are the prime factors of d?
3, 107
Let x be -1 - -1 - (-37 - 0). Let s = 65 - x. What are the prime factors of s?
2, 7
Let c(n) = 2*n + n**2 - 2*n + 4*n + 1. Let y = 113 + -111. List the prime factors of c(y).
13
List the prime factors of -1*34*(-98)/28.
7, 17
Let r(w) = 2*w**3 + 14*w**2 + 4*w + 16. Let x(s) = -s**3 - 7*s**2 - 2*s - 8. Let p(a) = -6*r(a) - 13*x(a). List the prime factors of p(-6).
2
Suppose -3*u - 4*c + 31 - 12 = 0, 4*u - 24 = -5*c. What are the prime factors of (0 - -1)/(u/1)*2?
2
Let s be 25/(10/(-12) + 1). Suppose -f + 0 + 5 = 0. Suppose 0 = 2*c + c + 3*m - 111, -4*c - f*m + s = 0. List the prime factors of c.
5, 7
Suppose 3*u = -o + 1508, -7*o + 4*u = -11*o + 6000. What are the prime factors of o?
2, 11, 17
Let m(x) = -x**3 + 24*x**2 - 27*x + 90. List the prime factors of m(19).
2, 691
Let m = -9 - -11. Suppose 0*t = 3*t. Suppose 2*f + 4 = t, m*n + 6*f - 46 = 4*f. What are the prime factors of n?
5
Suppose -q + 20 = -4*a + 3*q, -3*q + 15 = -5*a. Suppose a = -3*g + 7*g - 436. What are the prime factors of g?
109
Suppose -32*x + 30*x = -240. Suppose -3*w - 130 = -5*v, -5*v + x = -w - 0*w. What are the prime factors of v?
23
Let h(d) be the first derivative of -d**4/4 + d**3/3 + d**2/2 + d + 11. Let j be h(-3). Suppose -j = -c - 5*b, -39 = -c - 3*b - b. List the prime factors of c.
59
Let r = -4 + 14. Suppose 0 = 3*v + 7 - 10. Let s = r + v. List the prime factors of s.
11
Suppose 4*w - 27 = 65. Suppose c - 62 = -w. List the prime factors of c.
3, 13
Suppose 0 = 11*l - 10*l + 540. Let s = l - -779. List the prime factors of s.
239
Let o = -1 + 9. Suppose 0 = -3*x + 5*n + 10, 0 = -x - 5*n + 2*n + o. Suppose -x*h = 3*m - 105, -2*h + m + 63 = h. List the prime factors of h.
3, 7
Let n be (-1)/3 + (-5104)/(-48). Suppose -n = -w + 43. What are the prime factors of w?
149
Let u(l) = 105*l + 9. What are the prime factors of u(3)?
2, 3
Suppose -4*p + 5*f + 2999 = -4477, 0 = p - 3*f - 1862. List the prime factors of p.
2, 937
What are the prime factors of (3 + -2)/((-49)/(-198891))?
3, 11, 41
Suppose -5*h = -h. Let g = -1 - h. What are the prime factors of 23 + (g - 0) + -2?
2, 5
Let u = 53 - 45. Suppose -u*i - 1320 = -19*i. What are the prime factors of i?
2, 3, 5
Suppose n - 2*b = 33, -b + 5*b = 4. Suppose n*p + 385 = 40*p. What are the prime factors of p?
7, 11
Let h(c) = c + 10. Let j be h(-11). Let g(u) = 12*u**2 - u - 1. List the prime factors of g(j).
2, 3
Let p = -12 - -21. Let h be 16/6 + (-6)/p. Suppose y = 5*z - 1 + h, -2*y = 5*z - 62. List the prime factors of y.
3, 7
Suppose t - 44 = -20. Let f = t - 3. What are the prime factors of f?
3, 7
Suppose 15036 = 16*p - 26580. List the prime factors of p.
3, 17
Let p(v) = -v**3 - 12*v**2 - v + 3. Let o(n) be the first derivative of -n**4/4 - 5*n**3/3 + n**2/2 - 7*n + 2. Let j be o(-5). List the prime factors of p(j).
3, 5
Let y be (-18)/(-4) + 7/(-14). Suppose -2*f = 4*d - 21 - 65, -109 = -3*f + y*d. What are the prime factors of f?
3, 13
Let y(p) be the third derivative of -p**6/120 - p**5/10 - p**4/6 + p**3/2 - 7*p**2. Let m be (48/40)/((-1)/5). List the prime factors of y(m).
3
Suppose -2*x + 373 = -3*k, -k + 750 = 4*x - 3*k. What are the prime factors of x?
2, 47
Let n(v) = -v**2 + 7*v - 6. Let u be n(5). Suppose 26 = -u*w + 450. What are the prime factors of w?
2, 53
Let i(t) be the first derivative of 1/3*t**3 - 6*t + 3/2*t**2 + 2. List the prime factors of i(-5).
2
What are the prime factors of 5/(-1) - 7799/(-11)?
2, 11
Let f(d) = 2*d - 4. Let m be f(-5). Let q = 62 + m. What are the prime factors of q?
2, 3
Let p be (100*3/18)/((-2)/6). What are the prime factors of 3/(30/(-8)) - 440/p?
2
Let m = 36 - 29. Suppose -y = -m - 19. List the prime factors of y.
2, 13
Let s = 8 - 27. List the prime factors of (-3 + 0 - -2) + s + 31.
11
Let o be (-21)/(-14) - 6/(-4). Suppose -2 + 272 = o*r. List the prime factors of r.
2, 3, 5
Let s be (-1)/(-2)*(107 - 1). Suppose -269 = -3*k - s. What are the prime factors of k?
2, 3
Suppose 7*t - 5602 = -1507. List the prime factors of t.
3, 5, 13
Suppose 4*g - 1577 - 151 = 0. What are the prime factors of g?
2, 3
Let q(w) = w**3 - 7*w**2 - w + 28. List the prime factors of q(7).
3, 7
Let t(o) = 6*o - 18 - 20*o**2 + 21*o**2 + 8. Let a be t(-8). Suppose -4*z - 108 = -a*z. What are the prime factors of z?
2, 3
What are the prime factors of (74190/75)/(60/25 + -2)?
2473
Let s(y) = -11*y**3 - 2*y**2 + y. Let o be s(2). Let w(h) = 150*h**2 - 1. Let u be w(1). Let g = u + o. List the prime factors of g.
5, 11
Let f(u) = 2*u**3 + 4*u**2 + 2*u - 7. What are the prime factors of f(5)?
353
Suppose 4*l - 5*f - 4 = 0, 2*l - l - 1 = -5*f. Let z = l + -1. Suppose -2*s + 37 + 9 = z. List the prime factors of s.
23
Let g be (8/(-10))/(2/(-10)). Suppose 4*d - g*n = -8, n - 3*n = d - 13. Suppose o - 4 = -3*p, -3*o - d*p + 54 = -8*p. What are the prime factors of o?
13
Let a be 2 + -20 + -3 - -2. Let m = a - -23. Suppose -3*x = -4*t - 18, -m*t = -3*t - 3. What are the prime factors of x?
2, 5
Let i(d) = -d**2 + 6*d. Let r be i(0). List the prime factors of -2 - r/2 - -3*50.
2, 37
What are the prime factors of (15/(75/(-1660)))/(2/(-4))?
2, 83
What are the prime factors of (18/(-4) - -3)/((-12)/15440)?
2, 5, 193
Suppose -4*w - 2*d = -116, 5*w - 144 = d - 3*d. Suppose -k = -2*h - 60, -k + h + 88 = w. Suppose n = 6*n - k. List the prime factors of n.
2, 3
Let h = -151 - -197. What are the prime factors of h?
2, 23
Suppose 2 = i, 343*i = 5*k + 338*i - 15665. What are the prime factors of k?
3, 5, 11, 19
Let y be (10/(-6))/((-15)/45). Suppose -y*q + 4 + 11 = 0. List the prime factors of 1/3 + 71/q.
2, 3
Let m(g) = g**2 - 9*g + 4. Let p be m(9). Let y(l) = 2*l**3 - 3*l**2 - l + 9. List the prime factors of y(p).
5, 17
Let i = -1516 - -2537. What are the prime factors of i?
1021
Let s = 43 - 39. Suppose -62 = -s*h + 138. What are the prime factors of h?
2, 5
Suppose 7 = -3*f - 2. Let n be (f + 6)/((-5)/10). Let k(t) = -2*t - 5. What are the prime factors of k(n)?
7
Let f be -47 - (-2 + -2 - -3). Let o = -21 - f. Suppose -3*t = -3*g - 21, o = 5*t - 6*g + 3*g. What are the prime factors of t?
2
Suppose 3*a - 3112 = 3*v + 3425, -a + 2173 = 5*v. What are the prime factors of a?
2, 3, 11
Let p = 39 + -25. Let o be (-24)/(-42) - 470/p. Let g = 19 - o. List the prime factors of g.
2, 13
Let z(j) = 626*j - 2. What are the prime factors of z(1)?
2, 3, 13
Suppose -2*w + 46 - 14 = 0. What are the prime factors of w?
2
Suppose 739*k - 731*k - 26712 = 0. List the prime factors of k